 63?
61
What is the remainder when 1705 is divided by 171?
166
What is the remainder when 32 is divided by 4?
0
What is the remainder when 2605 is divided by 3?
1
Calculate the remainder when 638 is divided by 23.
17
Calculate the remainder when 6324 is divided by 57.
54
What is the remainder when 852 is divided by 33?
27
What is the remainder when 92 is divided by 33?
26
What is the remainder when 115 is divided by 24?
19
What is the remainder when 1496 is divided by 10?
6
What is the remainder when 559 is divided by 146?
121
What is the remainder when 341 is divided by 15?
11
What is the remainder when 588 is divided by 65?
3
Calculate the remainder when 727 is divided by 81.
79
What is the remainder when 115 is divided by 13?
11
What is the remainder when 103 is divided by 26?
25
Calculate the remainder when 353 is divided by 6.
5
Calculate the remainder when 460 is divided by 33.
31
Calculate the remainder when 157 is divided by 94.
63
Calculate the remainder when 1004 is divided by 78.
68
What is the remainder when 2094 is divided by 172?
30
Calculate the remainder when 137 is divided by 7.
4
What is the remainder when 1107 is divided by 9?
0
Calculate the remainder when 1727 is divided by 52.
11
Calculate the remainder when 92 is divided by 16.
12
What is the remainder when 244 is divided by 41?
39
What is the remainder when 1281 is divided by 35?
21
What is the remainder when 85 is divided by 81?
4
Calculate the remainder when 1884 is divided by 1870.
14
What is the remainder when 767 is divided by 52?
39
Calculate the remainder when 225 is divided by 12.
9
Calculate the remainder when 528 is divided by 104.
8
What is the remainder when 1744 is divided by 193?
7
Calculate the remainder when 1096 is divided by 5.
1
Calculate the remainder when 111 is divided by 14.
13
What is the remainder when 767 is divided by 154?
151
What is the remainder when 82 is divided by 30?
22
What is the remainder when 96 is divided by 45?
6
Calculate the remainder when 863 is divided by 13.
5
What is the remainder when 138 is divided by 61?
16
Calculate the remainder when 102 is divided by 60.
42
Calculate the remainder when 2410 is divided by 15.
10
What is the remainder when 4956 is divided by 67?
65
Calculate the remainder when 407 is divided by 39.
17
What is the remainder when 4288 is divided by 33?
31
What is the remainder when 221 is divided by 84?
53
Calculate the remainder when 374 is divided by 93.
2
Calculate the remainder when 791 is divided by 77.
21
What is the remainder when 55 is divided by 44?
11
What is the remainder when 84 is divided by 15?
9
What is the remainder when 1382 is divided by 87?
77
What is the remainder when 872 is divided by 324?
224
Calculate the remainder when 2487 is divided by 31.
7
What is the remainder when 2486 is divided by 74?
44
What is the remainder when 457 is divided by 61?
30
What is the remainder when 1400 is divided by 1383?
17
Calculate the remainder when 856 is divided by 20.
16
Calculate the remainder when 4625 is divided by 7.
5
What is the remainder when 118 is divided by 28?
6
Calculate the remainder when 626 is divided by 279.
68
Calculate the remainder when 144 is divided by 37.
33
What is the remainder when 317 is divided by 4?
1
What is the remainder when 216 is divided by 75?
66
What is the remainder when 791 is divided by 33?
32
What is the remainder when 34 is divided by 30?
4
Calculate the remainder when 43 is divided by 33.
10
What is the remainder when 1522 is divided by 308?
290
What is the remainder when 134 is divided by 15?
14
Calculate the remainder when 403 is divided by 102.
97
What is the remainder when 138 is divided by 45?
3
Calculate the remainder when 342 is divided by 23.
20
Calculate the remainder when 277 is divided by 10.
7
Calculate the remainder when 2145 is divided by 215.
210
What is the remainder when 159 is divided by 93?
66
Calculate the remainder when 10062 is divided by 34.
32
What is the remainder when 19 is divided by 4?
3
What is the remainder when 619 is divided by 96?
43
Calculate the remainder when 288 is divided by 78.
54
What is the remainder when 110 is divided by 28?
26
Calculate the remainder when 854 is divided by 79.
64
Calculate the remainder when 293 is divided by 282.
11
What is the remainder when 49 is divided by 26?
23
What is the remainder when 168 is divided by 39?
12
Calculate the remainder when 65 is divided by 7.
2
Calculate the remainder when 2179 is divided by 37.
33
Calculate the remainder when 1528 is divided by 85.
83
Calculate the remainder when 18 is divided by 4.
2
What is the remainder when 32 is divided by 5?
2
What is the remainder when 218 is divided by 3?
2
What is the remainder when 1186 is divided by 21?
10
Calculate the remainder when 226 is divided by 59.
49
What is the remainder when 1621 is divided by 58?
55
Calculate the remainder when 382 is divided by 89.
26
Calculate the remainder when 584 is divided by 65.
64
Calculate the remainder when 402 is divided by 52.
38
What is the remainder when 1027 is divided by 16?
3
Calculate the remainder when 1053 is divided by 176.
173
Calculate the remainder when 636 is divided by 147.
48
What is the remainder when 1137 is divided by 57?
54
Calculate the remainder when 39 is divided by 8.
7
What is the remainder when 169 is divided by 31?
14
Calculate the remainder when 1281 is divided by 107.
104
What is the remainder when 276 is divided by 24?
12
Calculate the remainder when 308 is divided by 105.
98
Calculate the remainder when 122 is divided by 42.
38
What is the remainder when 2301 is divided by 9?
6
What is the remainder when 2132 is divided by 61?
58
What is the remainder when 189 is divided by 12?
9
Calculate the remainder when 984 is divided by 488.
8
What is the remainder when 117 is divided by 15?
12
What is the remainder when 544 is divided by 6?
4
What is the remainder when 313 is divided by 9?
7
Calculate the remainder when 539 is divided by 23.
10
What is the remainder when 325 is divided by 316?
9
What is the remainder when 4585 is divided by 51?
46
What is the remainder when 335 is divided by 21?
20
Calculate the remainder when 24292 is divided by 215.
212
What is the remainder when 1571 is divided by 119?
24
What is the remainder when 619 is divided by 31?
30
Calculate the remainder when 244 is divided by 39.
10
Calculate the remainder when 1096 is divided by 110.
106
Calculate the remainder when 619 is divided by 8.
3
What is the remainder when 93 is divided by 87?
6
What is the remainder when 4893 is divided by 136?
133
Calculate the remainder when 405 is divided by 96.
21
What is the remainder when 3 is divided by 2?
1
Calculate the remainder when 239 is divided by 40.
39
What is the remainder when 114 is divided by 5?
4
What is the remainder when 199 is divided by 64?
7
What is the remainder when 585 is divided by 285?
15
What is the remainder when 108 is divided by 27?
0
Calculate the remainder when 214 is divided by 83.
48
Calculate the remainder when 387 is divided by 13.
10
Calculate the remainder when 88 is divided by 74.
14
Calculate the remainder when 45 is divided by 24.
21
Calculate the remainder when 307 is divided by 23.
8
Calculate the remainder when 41 is divided by 21.
20
Calculate the remainder when 883 is divided by 418.
47
What is the remainder when 42 is divided by 9?
6
What is the remainder when 1219 is divided by 65?
49
What is the remainder when 1550 is divided by 33?
32
What is the remainder when 27 is divided by 8?
3
Calculate the remainder when 1673 is divided by 20.
13
What is the remainder when 53 is divided by 33?
20
Calculate the remainder when 48 is divided by 27.
21
Calculate the remainder when 427 is divided by 422.
5
What is the remainder when 1214 is divided by 312?
278
What is the remainder when 82 is divided by 65?
17
What is the remainder when 63 is divided by 14?
7
Calculate the remainder when 58 is divided by 20.
18
Calculate the remainder when 3034 is divided by 66.
64
Calculate the remainder when 37 is divided by 19.
18
Calculate the remainder when 834 is divided by 11.
9
What is the remainder when 44 is divided by 36?
8
What is the remainder when 608 is divided by 183?
59
Calculate the remainder when 10886 is divided by 2